 of 33411?
True
Is 1110 a multiple of 59?
False
Does 19 divide 96?
False
Is 79104 a multiple of 192?
True
Does 3 divide 45?
True
Is 3 a factor of 68?
False
Is 18560 a multiple of 29?
True
Is 3040 a multiple of 20?
True
Does 107 divide 745?
False
Does 48 divide 3939?
False
Is 1565 a multiple of 6?
False
Is 1770 a multiple of 10?
True
Is 14840 a multiple of 140?
True
Is 85 a factor of 85?
True
Does 2 divide 1182?
True
Is 20 a factor of 121480?
True
Does 63 divide 756?
True
Does 9 divide 4376?
False
Does 14 divide 819?
False
Does 41 divide 19582?
False
Is 100 a factor of 4000?
True
Is 5 a factor of 302?
False
Is 5 a factor of 435?
True
Is 7514 a multiple of 14?
False
Is 3652 a multiple of 13?
False
Is 36008 a multiple of 161?
False
Is 11363 a multiple of 14?
False
Is 30 a factor of 380?
False
Is 29 a multiple of 18?
False
Is 37 a factor of 24948?
False
Is 14 a factor of 6868?
False
Is 11275 a multiple of 41?
True
Is 85 a factor of 586?
False
Is 16915 a multiple of 85?
True
Does 20 divide 1741?
False
Does 10 divide 20467?
False
Is 798 a multiple of 16?
False
Is 8225 a multiple of 175?
True
Does 22 divide 4961?
False
Does 134 divide 9514?
True
Does 8 divide 226?
False
Is 19 a factor of 9237?
False
Does 11 divide 418?
True
Does 20 divide 1200?
True
Is 62 a factor of 3482?
False
Is 22369 a multiple of 46?
False
Is 49 a factor of 6027?
True
Does 20 divide 377?
False
Does 16 divide 10114?
False
Is 19 a factor of 54511?
True
Is 23 a factor of 57045?
False
Is 32 a factor of 3136?
True
Is 114 a factor of 1638?
False
Does 22 divide 396?
True
Is 2 a factor of 10508?
True
Does 142 divide 7596?
False
Is 19375 a multiple of 2?
False
Is 1396 a multiple of 4?
True
Is 28 a factor of 3296?
False
Does 15 divide 285?
True
Is 5 a factor of 1126?
False
Is 152 a factor of 56088?
True
Is 23 a factor of 1334?
True
Is 34390 a multiple of 13?
False
Is 40 a factor of 9840?
True
Is 2 a factor of 51?
False
Is 88 even?
True
Is 4097 a multiple of 5?
False
Is 312 a multiple of 26?
True
Does 23 divide 2967?
True
Does 2 divide 4726?
True
Does 108 divide 6480?
True
Is 3471 a multiple of 89?
True
Is 148239 a multiple of 21?
True
Is 41 a factor of 6787?
False
Is 229 a factor of 14198?
True
Is 21360 a multiple of 120?
True
Is 11418 a multiple of 173?
True
Is 358 a multiple of 90?
False
Does 9 divide 207?
True
Is 22 a factor of 510?
False
Does 12 divide 772?
False
Does 263 divide 43761?
False
Is 52728 a multiple of 12?
True
Is 3885 a multiple of 93?
False
Does 24 divide 3216?
True
Does 22 divide 198?
True
Does 3 divide 5?
False
Is 3854 a multiple of 82?
True
Is 25577 a multiple of 64?
False
Does 7 divide 735?
True
Does 42 divide 60228?
True
Is 88381 a multiple of 31?
True
Is 103 a factor of 161?
False
Does 26 divide 3250?
True
Is 123 a factor of 41328?
True
Is 5841 a multiple of 242?
False
Is 54 a factor of 2057?
False
Does 459 divide 15606?
True
Is 7476 a multiple of 84?
True
Does 56 divide 74307?
False
Is 77 a multiple of 51?
False
Is 58 a factor of 812?
True
Does 30 divide 1680?
True
Is 308 a multiple of 44?
True
Is 15554 a multiple of 19?
False
Is 6195 a multiple of 59?
True
Is 777 a multiple of 11?
False
Does 20 divide 18980?
True
Is 3270 a multiple of 109?
True
Does 14 divide 38084?
False
Is 1760 a multiple of 16?
True
Is 280 a factor of 95571?
False
Is 580 a multiple of 17?
False
Does 2 divide 2021?
False
Is 12822 a multiple of 6?
True
Does 32 divide 2663?
False
Does 13 divide 1586?
True
Does 2 divide 291?
False
Is 36 a factor of 648?
True
Is 53172 a multiple of 14?
True
Does 35 divide 32860?
False
Is 269 a factor of 58911?
True
Is 21040 a multiple of 40?
True
Is 20 a factor of 190?
False
Does 8 divide 269?
False
Does 14 divide 994?
True
Is 539 a multiple of 7?
True
Does 42 divide 378?
True
Is 3 a factor of 792?
True
Is 1686 a multiple of 16?
False
Is 14 a factor of 612?
False
Does 5 divide 282?
False
Does 23 divide 485?
False
Is 15 a factor of 6360?
True
Does 12 divide 294?
False
Is 34 a factor of 170?
True
Is 706 a multiple of 53?
False
Does 3 divide 5784?
True
Is 20411 a multiple of 16?
False
Is 27950 a multiple of 85?
False
Does 3 divide 1998?
True
Does 88 divide 1625?
False
Is 1671 a multiple of 71?
False
Does 27 divide 32562?
True
Is 2343 a multiple of 22?
False
Is 352 a multiple of 16?
True
Does 3 divide 135?
True
Does 18 divide 2543?
False
Is 73 a factor of 53728?
True
Does 172 divide 35948?
True
Is 13 a factor of 156?
True
Does 56 divide 7336?
True
Does 15 divide 1106?
False
Does 19 divide 8168?
False
Does 31 divide 403?
True
Is 124 even?
True
Is 668 a multiple of 19?
False
Does 9 divide 213?
False
Is 4774 a multiple of 11?
True
Is 1026 a multiple of 20?
False
Does 63 divide 35154?
True
Is 816 a multiple of 38?
False
Is 2 a factor of 8268?
True
Is 5 a factor of 1568?
False
Is 56 even?
True
Is 26 a factor of 506?
False
Is 38 a factor of 2368?
False
Is 6298 a multiple of 47?
True
Is 33 a factor of 58509?
True
Does 25 divide 6710?
False
Is 3363 a multiple of 57?
True
Is 336 a multiple of 8?
True
Does 19 divide 23?
False
Does 22 divide 54?
False
Is 715 a multiple of 11?
True
Is 241 a multiple of 3?
False
Is 36564 a multiple of 44?
True
Is 8 a factor of 192?
True
Is 670 a multiple of 15?
False
Is 154 a multiple of 14?
True
Is 20 a multiple of 2?
True
Does 50 divide 600?
True
Is 39 a factor of 114465?
True
Does 86 divide 6364?
True
Is 8079 a multiple of 53?
False
Is 35 a factor of 385?
True
Does 42 divide 10626?
True
Is 216 a factor of 31748?
False
Is 1380 a multiple of 20?
True
Does 58 divide 36059?
False
Does 9 divide 29257?
False
Is 18 a factor of 1098?
True
Is 10827 a multiple of 27?
True
Is 248 a multiple of 2?
True
Is 14 a factor of 7156?
False
Is 30 a factor of 546?
False
Is 25 a factor of 843?
False
Does 144 divide 22164?
False
Is 3168 a multiple of 88?
True
Is 260 a multiple of 41?
False
Is 1976 a multiple of 52?
True
Does 104 divide 766?
False
Is 69 a factor of 28230?
False
Is 5 a factor of 2424?
False
Does 12 divide 13069?
False
Is 37 a factor of 2096?
False
Is 12 a factor of 36623?
False
Is 424 a multiple of 27?
False
Is 11 a factor of 54824?
True
Does 16 divide 3402?
False
Is 36724 a multiple of 314?
False
Does 100 divide 45768?
False
Is 80 a factor of 26910?
False
Is 16 a factor of 2224?
True
Is 42549 a multiple of 13?
True
Does 2 divide 9791?
False
Is 16335 a multiple of 165?
True
Does 58 divide 8990?
True
Is 77 a factor of 29106?
True
Does 10 divide 10480?
True
Is 12 a factor of 31212?
True
Is 23 a multiple of 6?
False
Is 4628 a multiple of 26?
True
Does 20 divide 20?
True
Is 456 a multiple of 2?
True
Does 105 divide 3990?
True
Is 725 a multiple of 25?
True
Is 12 a factor of 48?
True
Is 207 a multiple of 9?
True
Is 426 a multiple of 6?
True
Is 57 a factor of 3078?
True
Is 47 a factor of 2926?
False
Does 41 divide 861?
True
Does 5 divide 330?
True
Does 53 divide 664?
False
Does 9 divide 2782?
False
Is 55061 a multiple of 68?
False
Does 127 divide 81661?
True
Is 2232 a multiple of 12?
True
Is 33867 a multiple of 17?
False
Does 3 divide 6303?
True
Is 4 a factor of 944?
True
Does 7 divide 14021?
True
Is 17 a factor of 1630?
False
Is 66 a factor of 38808?
True
Does 314 divide 109993?
False
Does 3 divide 1233?
True
Is 9 a factor of 78727?
False
Is 100 a multiple of 5?
True
Is 14 a factor of 73618?
False
Is 1241 a multiple of 73?
True
Is 676 a multiple of 26?
True
Does 8 divide 112?
True
Does 5 divide 479?
False
Is 12 a factor of 2927?
False
Is 378 a multiple of 54?
True
Is 3485 a multiple of 87?
False
Does 213 divide 1278?
True
Does 14 divide 112856?
False
Is 4410 a multiple of 35?
True
Is 17 a factor of 124?
False
Does 6 divide 1782?
True
Is 22 a factor of 330?
True
Does 5 divide 1101?
False
Does 9 divide 3287?
False
Does 15 divide 495?
True
Does 6 divide 95?
False
Is 24 a factor of 4248?
True
Is 9360 a multiple of 18?
True
Is 17 a factor of 1065?
False
Is 2508 a multiple of 33?
True
Does 20 divide 6600?
True
Is 16 a factor of 14346?
False
Is 11886 a multiple of 4?
False
Is 12595 a multiple of 19?
False
Is 2751 a multiple of 30?
False
Does 9 divide 5670?
True
Is 15 a factor of 17365?
False
Does 13 divide 9213?
False
Is 2533 a multiple of 17?
True
Is 162 a factor of 30294?
True
Is 8341 a multiple of 20?
False
Does 49 divide 588?
True
Is 6 a factor of 227?
False